{"id":1634,"date":"2026-01-29T15:58:39","date_gmt":"2026-01-29T18:58:39","guid":{"rendered":"https:\/\/fonnseg.com.br\/?page_id=1634"},"modified":"2026-01-29T16:17:38","modified_gmt":"2026-01-29T19:17:38","slug":"rc-profissional-2","status":"publish","type":"page","link":"https:\/\/fonnseg.com.br\/?page_id=1634","title":{"rendered":"RC Profissional"},"content":{"rendered":"\t\t<div data-elementor-type=\"wp-page\" data-elementor-id=\"1634\" class=\"elementor elementor-1634\">\n\t\t\t\t\t\t<section class=\"elementor-section elementor-top-section elementor-element elementor-element-00551d5 elementor-section-height-min-height elementor-section-boxed elementor-section-height-default elementor-section-items-middle wpr-particle-no wpr-jarallax-no wpr-parallax-no wpr-sticky-section-no wpr-equal-height-no\" data-id=\"00551d5\" data-element_type=\"section\" data-e-type=\"section\" data-settings=\"{&quot;background_background&quot;:&quot;gradient&quot;}\">\n\t\t\t\t\t\t<div class=\"elementor-container elementor-column-gap-default\">\n\t\t\t\t\t<div class=\"elementor-column elementor-col-33 elementor-top-column elementor-element elementor-element-ac94357\" data-id=\"ac94357\" data-element_type=\"column\" data-e-type=\"column\">\n\t\t\t<div class=\"elementor-widget-wrap\">\n\t\t\t\t\t\t\t<\/div>\n\t\t<\/div>\n\t\t\t\t<div class=\"elementor-column elementor-col-33 elementor-top-column elementor-element elementor-element-7550f89\" data-id=\"7550f89\" data-element_type=\"column\" data-e-type=\"column\">\n\t\t\t<div class=\"elementor-widget-wrap\">\n\t\t\t\t\t\t\t<\/div>\n\t\t<\/div>\n\t\t\t\t<div class=\"elementor-column elementor-col-33 elementor-top-column elementor-element elementor-element-9cc1e7a elementor-hidden-mobile\" data-id=\"9cc1e7a\" data-element_type=\"column\" data-e-type=\"column\">\n\t\t\t<div class=\"elementor-widget-wrap\">\n\t\t\t\t\t\t\t<\/div>\n\t\t<\/div>\n\t\t\t\t\t<\/div>\n\t\t<\/section>\n\t\t<div class=\"elementor-element elementor-element-3633686 e-flex e-con-boxed wpr-particle-no wpr-jarallax-no wpr-parallax-no wpr-sticky-section-no wpr-equal-height-no e-con e-parent\" data-id=\"3633686\" data-element_type=\"container\" data-e-type=\"container\">\n\t\t\t\t\t<div class=\"e-con-inner\">\n\t\t<div class=\"elementor-element elementor-element-9e064f1 e-flex e-con-boxed wpr-particle-no wpr-jarallax-no wpr-parallax-no wpr-sticky-section-no wpr-equal-height-no elementor-invisible e-con e-child\" data-id=\"9e064f1\" data-element_type=\"container\" data-e-type=\"container\" data-settings=\"{&quot;animation&quot;:&quot;slideInLeft&quot;}\">\n\t\t\t\t\t<div class=\"e-con-inner\">\n\t\t\t\t<div class=\"elementor-element elementor-element-279fbd1 elementor-widget elementor-widget-image\" data-id=\"279fbd1\" data-element_type=\"widget\" data-e-type=\"widget\" data-widget_type=\"image.default\">\n\t\t\t\t<div class=\"elementor-widget-container\">\n\t\t\t\t\t\t\t\t\t\t\t\t\t\t\t<img fetchpriority=\"high\" decoding=\"async\" width=\"960\" height=\"960\" src=\"https:\/\/fonnseg.com.br\/wp-content\/uploads\/2026\/01\/RC-PROFISSIONAL-1.jpeg\" class=\"attachment-large size-large wp-image-1433\" alt=\"\" srcset=\"https:\/\/fonnseg.com.br\/wp-content\/uploads\/2026\/01\/RC-PROFISSIONAL-1.jpeg 1024w, https:\/\/fonnseg.com.br\/wp-content\/uploads\/2026\/01\/RC-PROFISSIONAL-1-300x300.jpeg 300w, https:\/\/fonnseg.com.br\/wp-content\/uploads\/2026\/01\/RC-PROFISSIONAL-1-150x150.jpeg 150w, https:\/\/fonnseg.com.br\/wp-content\/uploads\/2026\/01\/RC-PROFISSIONAL-1-768x768.jpeg 768w\" sizes=\"(max-width: 960px) 100vw, 960px\" \/>\t\t\t\t\t\t\t\t\t\t\t\t\t\t\t<\/div>\n\t\t\t\t<\/div>\n\t\t\t\t\t<\/div>\n\t\t\t\t<\/div>\n\t\t<div class=\"elementor-element elementor-element-59972fc e-flex e-con-boxed wpr-particle-no wpr-jarallax-no wpr-parallax-no wpr-sticky-section-no wpr-equal-height-no elementor-invisible e-con e-child\" data-id=\"59972fc\" data-element_type=\"container\" data-e-type=\"container\" data-settings=\"{&quot;animation&quot;:&quot;slideInRight&quot;}\">\n\t\t\t\t\t<div class=\"e-con-inner\">\n\t\t\t\t<div class=\"elementor-element elementor-element-dd0769c elementor-widget elementor-widget-heading\" data-id=\"dd0769c\" data-element_type=\"widget\" data-e-type=\"widget\" data-widget_type=\"heading.default\">\n\t\t\t\t<div class=\"elementor-widget-container\">\n\t\t\t\t\t<h2 class=\"elementor-heading-title elementor-size-default\">RC Profissional<\/h2>\t\t\t\t<\/div>\n\t\t\t\t<\/div>\n\t\t\t\t<div class=\"elementor-element elementor-element-a89dca2 elementor-widget elementor-widget-text-editor\" data-id=\"a89dca2\" data-element_type=\"widget\" data-e-type=\"widget\" data-widget_type=\"text-editor.default\">\n\t\t\t\t<div class=\"elementor-widget-container\">\n\t\t\t\t\t\t\t\t\t<p>O Seguro de Responsabilidade Civil Profissional protege o profissional contra reclama\u00e7\u00f5es de terceiros decorrentes de erros, omiss\u00f5es ou falhas no exerc\u00edcio de sua atividade. Ele garante suporte jur\u00eddico e indeniza\u00e7\u00e3o conforme a ap\u00f3lice, trazendo seguran\u00e7a financeira e preservando a reputa\u00e7\u00e3o profissional.<\/p>\t\t\t\t\t\t\t\t<\/div>\n\t\t\t\t<\/div>\n\t\t\t\t\t<\/div>\n\t\t\t\t<\/div>\n\t\t\t\t\t<\/div>\n\t\t\t\t<\/div>\n\t\t\t\t<\/div>\n\t\t","protected":false},"excerpt":{"rendered":"<p>RC Profissional O Seguro de Responsabilidade Civil Profissional protege o profissional contra reclama\u00e7\u00f5es de terceiros decorrentes de erros, omiss\u00f5es ou falhas no exerc\u00edcio de sua atividade. Ele garante suporte jur\u00eddico e indeniza\u00e7\u00e3o conforme a ap\u00f3lice, trazendo seguran\u00e7a financeira e preservando a reputa\u00e7\u00e3o profissional.<\/p>\n","protected":false},"author":1,"featured_media":0,"parent":0,"menu_order":0,"comment_status":"closed","ping_status":"closed","template":"","meta":{"_monsterinsights_skip_tracking":false,"_monsterinsights_sitenote_active":false,"_monsterinsights_sitenote_note":"","_monsterinsights_sitenote_category":0,"footnotes":""},"class_list":["post-1634","page","type-page","status-publish","hentry"],"rttpg_featured_image_url":null,"rttpg_author":{"display_name":"Admin","author_link":"https:\/\/fonnseg.com.br\/?author=1"},"rttpg_comment":0,"rttpg_category":null,"rttpg_excerpt":"RC Profissional O Seguro de Responsabilidade Civil Profissional protege o profissional contra reclama\u00e7\u00f5es de terceiros decorrentes de erros, omiss\u00f5es ou falhas no exerc\u00edcio de sua atividade. Ele garante suporte jur\u00eddico e indeniza\u00e7\u00e3o conforme a ap\u00f3lice, trazendo seguran\u00e7a financeira e preservando a reputa\u00e7\u00e3o profissional.","_links":{"self":[{"href":"https:\/\/fonnseg.com.br\/index.php?rest_route=\/wp\/v2\/pages\/1634","targetHints":{"allow":["GET"]}}],"collection":[{"href":"https:\/\/fonnseg.com.br\/index.php?rest_route=\/wp\/v2\/pages"}],"about":[{"href":"https:\/\/fonnseg.com.br\/index.php?rest_route=\/wp\/v2\/types\/page"}],"author":[{"embeddable":true,"href":"https:\/\/fonnseg.com.br\/index.php?rest_route=\/wp\/v2\/users\/1"}],"replies":[{"embeddable":true,"href":"https:\/\/fonnseg.com.br\/index.php?rest_route=%2Fwp%2Fv2%2Fcomments&post=1634"}],"version-history":[{"count":4,"href":"https:\/\/fonnseg.com.br\/index.php?rest_route=\/wp\/v2\/pages\/1634\/revisions"}],"predecessor-version":[{"id":1667,"href":"https:\/\/fonnseg.com.br\/index.php?rest_route=\/wp\/v2\/pages\/1634\/revisions\/1667"}],"wp:attachment":[{"href":"https:\/\/fonnseg.com.br\/index.php?rest_route=%2Fwp%2Fv2%2Fmedia&parent=1634"}],"curies":[{"name":"wp","href":"https:\/\/api.w.org\/{rel}","templated":true}]}}